7 + 7).
-2
What is the value of 21 - (-7 + (-1 - -18))?
11
What is the value of (-5 - 1 - -12) + 7 + -9?
4
What is the value of 2 + 9 + (-7 - (9 - (18 - 3)))?
10
What is 5 - 0 - (90 - 90) - (7 - -2)?
-4
What is the value of -8 + (14 + -24 - (3 - (3 + -4)))?
-22
Evaluate 13 - -5 - ((8 - (-2 - -9)) + -4).
21
What is 33 - (11 + 16) - (38 - 1) - -9?
-22
What is the value of 48 + (-7 - 2 - 12)?
27
17 + (-52 - -11) + 4
-20
What is the value of (-11 - -17) + -9 - -8 - 8?
-3
-27 + 0 + (131 - 118)
-14
What is the value of 6 - -14 - (7 - -7)?
6
-8 - (5 - (12 + 9 + -12))
-4
Evaluate -10 - (5 + (-5 - (2 + -4)) - 6).
-6
What is the value of 9 + (-4 - -10) + -3 + -2?
10
Calculate 8 + -5 + (7 - -5).
15
What is 16 - (-13 + (25 - 8))?
12
Calculate -3 + (-22 - -8 - -12).
-5
Evaluate -39 - -55 - (-3 + 16).
3
What is -1 + 11 - (58 + -58)?
10
What is (3 + 3 - -2) + (-7 - -4)?
5
(5 + -1 - (5 + -6)) + (-7 - -7)
5
Evaluate 20 + 0 + (3 - (4 + 7)).
12
Calculate 5 + 7 + (-10 - 14).
-12
-2 + -10 - (-101 - -82)
7
Evaluate -40 - (24 - 86 - -23).
-1
What is 1 + 0 + (25 - 44) + 0 + 3?
-15
What is 4 - (13 + -12 - 0) - 9?
-6
Evaluate -7 + 6 - -5 - (4 - 4).
4
What is the value of 3 - (14 + (0 + -10 - (-6 + 1)))?
-6
Evaluate -1 + 6 + -38 + 27.
-6
-2 - -16 - ((-3 - -15) + -5)
7
-17 + (2 - (43 + -41))
-17
Calculate 7 + -11 - 4 - (1 + 1).
-10
-7 + (-8 - -10) - (-5 - (-3 - -4))
1
57 + -57 - (-4 - -22)
-18
What is the value of 20 + (-7 - (-1 + (7 - (-8 - -25))))?
24
-4 - 3 - -5 - -1 - 9
-10
Evaluate (-8 - (1 + -13)) + 1 + (0 - -4).
9
-1576 - -1565 - (0 + 0 + (-32 - 2))
23
Calculate 1 - 0 - ((2 - -13) + 36 + -28).
-22
Calculate 10 - (7 + (-17 - -8 - -11)) - -22.
23
What is 8 + 10 + -5 + (-13 - -16) - -1?
17
What is the value of -3 - (-59 + 51 + (15 - -1))?
-11
Calculate -44 + 27 - -21 - (0 - (9 - 1)).
12
0 + 6 + (65 + -75 - (12 + 0))
-16
What is the value of 0 - 1 - (-28 + 43 - 24) - -10?
18
(1 - -10) + -546 + 529
-6
Calculate 31 + (-21 - 17 - 0).
-7
Calculate 1 - -3 - 2 - (-7 + 3).
6
Evaluate (-4 - 1) + 18 + -15 + 7 - -4.
9
Evaluate -46 + 32 + (-1 - -16).
1
What is 2 - (-15 + 37) - -9?
-11
What is the value of (-18 + 19 - -2) + -17?
-14
What is the value of 3 - ((-6 - -11 - -1) + -5)?
2
Evaluate (0 + -14 - 0) + 18 + -46 + 33.
-9
What is the value of -10 + 6 - (-8 - -1)?
3
What is the value of 4 + -8 + 0 + -4 + 4 + -6?
-10
What is the value of 40 + -29 + 40 - 21?
30
Calculate 8 + (11 - 40) + (2 + -1 - -1).
-19
What is the value of (11 - 0) + -7 - (5 - 13)?
12
What is the value of 0 + -6 + -250 + 254?
-2
Calculate 4 + 1 + (8 - (13 + -5 - -3)).
2
34 + -26 + (1 + -36 - 2) + 6
-23
What is the value of (-1 - 3) + -14 + (57 - 22 - 22)?
-5
Evaluate -8 + (16 + -9 + 2 - 9).
-8
(-19 - -14 - -39) + -16
18
Evaluate -51 - -7 - -18 - -17.
-9
10 + (-29 - 0) - -21
2
Evaluate 22 - (20 + -33 - -18).
17
(6 - 2 - 0) + -4 + -12
-12
-11 - (-9 - (-11 - 10 - -9))
-14
-32 + -1 + (-12 + 59 - 40)
-26
-41 + 36 + -3 + 4
-4
What is the value of -18 - (-28 + 11 + 32) - 0?
-33
What is -2 + (-1 - 1 - (20 + 11 + -23))?
-12
What is (-5 + 2 - 20) + 5 - (-9 + 3)?
-12
What is the value of -2 + 1 - 11 - (18 - (0 + 19))?
-11
What is the value of (-3 + 2 + 3 - 4) + (-53 - -49)?
-6
Evaluate 0 - -13 - (473 + -449).
-11
What is -15 + (3 - -1) - -8?
-3
5 - (-21 + 8 + 7 - -7)
4
What is 6 + -11 + 205 + -235?
-35
Evaluate -29 + -4 - (-40 - -5).
2
What is the value of 15 + 1 + 18 + (4 - 21)?
17
Calculate 83 + -110 + 0 + (6 + -4 - 1).
-26
Evaluate (-13 - (2 + -12)) + 18.
15
-2 - 20 - (-110 + 91)
-3
What is the value of -4 + (12 - 14) - (-5 - 27)?
26
What is the value of -9 - (11 + -12 - -6 - (-1 + 18))?
3
What is the value of 38 + (-73 - -39) + -16?
-12
What is -26 + (-26 - (5 - 56))?
-1
What is the value of 0 + -12 - (-9 + (10 - 7) + 10)?
-16
What is the value of 6 + -1 - (181 + -193)?
17
What is -1830 + 1834 - (0 + -1 + -12)?
17
8 + -29 - -23 - 5
-3
What is 2 + (-8 - (17 - 12))?
-11
(6 - 9 - -6) + 8
11
What is -5 - (-1 + -2) - (15 - 24)?
7
What is (26 - 3) + 49 + -61?
11
Calculate -10 - (-1 + -14 + 16) - (-5 + 0).
-6
Calculate (2 + -4 - -1) + 25 + -22.
2
3 + (5 - (-7 + 5 - -8)) - 1
1
What is the value of (1 - 3) + -9 + 10?
-1
(0 - (-5 + 5 + 12)) + -4
-16
1 + -5 + 5 + 10 + (0 - 1)
10
Calculate (3 - -4) + -6 - (-7 + 8 - 9).
9
Calculate 1 + (5 - -7) + (-8 - -7).
12
Calculate 2 + (-3 - 0) + -9 + 2 - -4.
-4
Calculate 0 - (7 - ((12 - (-7 - -10)) + -13)).
-11
What is 24 - (-22 + 12 + 24)?
10
Calculate -35 - (-11 - -8) - -22.
-10
What is -25 + 21 + -6 + -13?
-23
Calculate 17 - 0 - (-96 + 108).
5
Calculate 39 + 8 + -14 + -12.
21
Evaluate (6 + -14 - 7) + 3.
-12
Calculate -84 - -90 - (13 - 2).
-5
What is the value of 10 + (-19 - -16) + (0 + -1 - -5)?
11
What is 2 + 1 - (6 + -3) - 13?
-13
Evaluate (8 - (-11 + 17 + 0 + -5)) + -19.
-12
-17 - (-6 + (2 + -3 - 0) + 2)
-12
Evaluate -27 + -12 + 13 - -11.
-15
What is 27 + -4 + -6 + -2?
15
27 - (-32 + 11 + 72)
-24
Evaluate 132 + -141 - (-12 - 0) - -3.
6
Evaluate (-1115 - -1124) + (1 - 21).
-11
Evaluate (-15 - -51) + -19 - 17.
0
Evaluate -2 + (8 - (-17 + (-1 + -8 - -12))).
20
What is the value of ((-2 - 13) + 3 - (-3 - 4)) + -3?
-8
What is the value of -11 + -26 + 10 + 12?
-15
Evaluate (5 - 6) + -72 + 77.
4
Evaluate (-5 - 1) + (11 - (-4 + 11 + -4)).
2
What is 10 - ((9 - 26) + 28)?
-1
Evaluate (9 - 5) + (13 - 0 - 4).
13
What is the value of 11 - (22 + -12 + -11)?
12
Calculate -14 + -5 + (-37 - -64) + (-43 - 0).
-35
What is the value of (2 - 28) + 15 - -16?
5
Calculate 5 + 7 + -6 - (11 - 7).
2
Calculate (2 - -1 - (-7 - 0)) + (-54 - -54).
10
What is the value of -2 - -8 - (6 + -3 + -9 - -11)?
1
What is (-13 - 24 - -20) + (13 - 3)?
-7
(-2 - -1 - -2) + (-18 - -15 - -3)
1
Calculate 26 + -7 + -39 + 5.
-15
-12 + (16 - (-16 - -11)) + -1 + -26
-18
Calculate (-13 + 19 - (5 - 3)) + 19 + 4.
27
What is the value of (-1 - 0) + (45 - 56) + 0 + -1?
-13
What is the value of 2 + (9 - 4 - 17)?
-10
What is the value of (-14 - -7) + 11 - 2 - 25?
-23
What is (-1494 - -1524) + (-4 - -3) + -2 + 1?
28
Calculate (20 - 1) + 7 + -17 - (2 + 1).
6
What is (0 - -1 - -5) + -14 + -29 + 24?
-13
Calculate 3 - 8 - (6 + -3) - -9.
1
What is the value of (-10 - (23 + 3)) + 22 + -18?
-32
What is the value of 6 - (-4 + -7 + 6) - 1?
10
14 + (12 - ((4 - -6) + 22))
-6
Calculate 29 - (57 + -14) - -30.
16
What is 40 + -19 + 6 + -41?
-14
Evaluate -22 - -29 - -8 - 32.
-17
Evaluate -54 + 64 + 21 + -42.
-11
Calculate 4 + 17 + -44 + 21.
-2
27 + -34 - (-21 + 12)
2
What is the value of -6 + -1 + -9 + 10 - -6 - 20?
-20
1 + -67 + 69 + 1 + 3
7
What is 11 - (6 - ((-5 - -1) + 34 + -28))?
7
What is (-7 + -1 - -3) + -7 - (1 - -5)?
-18
What is the value of -5 + 0 + (-3 - -4 - (-2 - -9))?
-11
Calculate 6 - (3 + 3 + -9).
9
What is the value of -6 + -6 + 15 - (-3 - (-16 + -1))?
-11
Evaluate 2 - (((-9 - 8) + -2 - -8) + 5).
8
Evaluate 10 - (4 + 29 + -14) - (-36 - 1).
28
What is -26 - (2 - (-9 + (-2 - -12 - -8)))?
-19
What is -11 - (-2 + (3 - 1) - -3)?
-14
What is -4 - (-14 - -47) - -73?
36
Evaluate 9 + 327 + -336 + (0 - 7).
-7
Evaluate -53 - -58 - (6 + -5).
4
What is the value of (0 - (7 - 10)) + 0 - (5 - 1)?
-1
What is the value of -16 + 16 - -4 - (-2 - 24)?
30
Evaluate 0 - (-2 + -7) - (-206 + 208).
7
What is the value of 13 - (-17 + (10 - -3)) - (-2 + -7)?
26
Evaluate 0 + 14 + (362 - 357).
19
Calculate 18 + (-4 - -6) + 3 + 1.
24
21 + -1 + -23 + -67 + 57
-13
-5 + -22 + 12 + 14
-1
Evaluate 12 + -8 + -7 - (-18 + (-6 - -12)).
9
What is (7 - 2 - 7) + (-8 - (6 - 7))?
-9
Calculate 37 - (57 + (7 - 17)).
-10
What is (6 - (4 - 8 - (-23 - -2))) + 1?
-10
Evaluate -28 - (25 + -31 + -3).
-19
-29 + (-9 - (10 + -9 - -5 - 13))
-31
Evaluate -1 + -3 - -13 - 7 - 8.
-6
What is the value of 6 + (1 - 11 - (-24 - -31))?
-11
What is the value of 6 + (0 - 4) + -19 + 19 + 8?
10
17 + (-2 - -1) + -5 + -2 + 2
11
Calculate (0 - 2) + 25 - (566 + -551).
8
Calculate -18 - 5 - -20 - 0.
-3
What is the value of -3 - (5 - (0 + -2 - (-1 - -3)))?
-12
What is the value of (-8 + 22 + -5 - 5) + -25 + 7?
-14
Evaluate 0 + -15 + 8 + 14.
7
What is -2 + (8 - 8 - 4) + -8 + 11?
-3
-1 - (-5 + 4) - -1
1
Calculate -6 + 3 + -2 + (3 - (11 - 10)).
-3
What is the value of 61 - 2 - 1 - 30?
28
Calculate -4 + -28 - -24 - 0.
-8
6 - ((-7 - -6) + (11 - 3))
-1
Evaluate -5 + -17 - 0 - (-10 + 3).
-15
Evaluate 6 + 4 - (1 - -15)